{"id":14674,"date":"2022-08-02T00:00:36","date_gmt":"2022-08-01T22:00:36","guid":{"rendered":"https:\/\/grain-africa.org\/?post_type=mec-events&amp;p=14674"},"modified":"2022-08-02T00:00:36","modified_gmt":"2022-08-01T22:00:36","slug":"la-faible-presence-des-filles-et-des-femmes-dans-les-stem","status":"publish","type":"mec-events","link":"http:\/\/grain-africa.org\/en\/events\/the-low-representation-of-girls-and-women-in-stems\/","title":{"rendered":"The low presence of girls and women in STEM fields"},"content":{"rendered":"<p><span style=\"font-weight: 400;\">The low presence of girls and women in STEM shows that we need to change this situation and allow them to develop in the professional field they want without thinking that their gender group may be a problem. This situation shows the need to create a framework for collaboration between AI and gender stakeholders. AI is the future, it is revolutionary.\u00a0\u00a0<\/span><\/p>","protected":false},"excerpt":{"rendered":"<p>La faible pr\u00e9sence des filles et des femmes dans les STEM montre qu&#8217;il faut changer cette situation et leur permettre de se d\u00e9velopper dans le domaine professionnel qu&#8217;elles souhaitent sans penser que leur groupe sexuel peut \u00eatre un probl\u00e8me. Cette situation montre la n\u00e9cessit\u00e9 de cr\u00e9er un cadre de collaboration entre les parties prenantes de &#8230; <a title=\"The low presence of girls and women in STEM fields\" class=\"read-more\" href=\"http:\/\/grain-africa.org\/en\/events\/the-low-representation-of-girls-and-women-in-stems\/\" aria-label=\"Read more about La faible pr\u00e9sence des filles et des femmes dans les STEM\">Read more<\/a><\/p>","protected":false},"author":1,"featured_media":14477,"comment_status":"open","ping_status":"closed","template":"","tags":[],"mec_category":[],"class_list":["post-14674","mec-events","type-mec-events","status-publish","has-post-thumbnail","hentry"],"yoast_head":"<!-- This site is optimized with the Yoast SEO plugin v22.9 - https:\/\/yoast.com\/wordpress\/plugins\/seo\/ -->\n<title>La faible pr\u00e9sence des filles et des femmes dans les STEM - GRAIN<\/title>\n<meta name=\"robots\" content=\"index, follow, max-snippet:-1, max-image-preview:large, max-video-preview:-1\" \/>\n<link rel=\"canonical\" href=\"https:\/\/grain-africa.org\/en\/events\/the-low-representation-of-girls-and-women-in-stems\/\" \/>\n<meta property=\"og:locale\" content=\"en_GB\" \/>\n<meta property=\"og:type\" content=\"article\" \/>\n<meta property=\"og:title\" content=\"La faible pr\u00e9sence des filles et des femmes dans les STEM - GRAIN\" \/>\n<meta property=\"og:description\" content=\"La faible pr\u00e9sence des filles et des femmes dans les STEM montre qu&#8217;il faut changer cette situation et leur permettre de se d\u00e9velopper dans le domaine professionnel qu&#8217;elles souhaitent sans penser que leur groupe sexuel peut \u00eatre un probl\u00e8me. Cette situation montre la n\u00e9cessit\u00e9 de cr\u00e9er un cadre de collaboration entre les parties prenantes de ... Read more\" \/>\n<meta property=\"og:url\" content=\"https:\/\/grain-africa.org\/en\/events\/the-low-representation-of-girls-and-women-in-stems\/\" \/>\n<meta property=\"og:site_name\" content=\"GRAIN\" \/>\n<meta property=\"og:image\" content=\"https:\/\/grain-africa.org\/wp-content\/uploads\/2020\/03\/christina-wocintechchat-com-glRqyWJgUeY-unsplash-1.jpg\" \/>\n\t<meta property=\"og:image:width\" content=\"1920\" \/>\n\t<meta property=\"og:image:height\" content=\"1282\" \/>\n\t<meta property=\"og:image:type\" content=\"image\/jpeg\" \/>\n<meta name=\"twitter:card\" content=\"summary_large_image\" \/>\n<script type=\"application\/ld+json\" class=\"yoast-schema-graph\">{\"@context\":\"https:\/\/schema.org\",\"@graph\":[{\"@type\":\"WebPage\",\"@id\":\"https:\/\/grain-africa.org\/events\/the-low-representation-of-girls-and-women-in-stems\/\",\"url\":\"https:\/\/grain-africa.org\/events\/the-low-representation-of-girls-and-women-in-stems\/\",\"name\":\"La faible pr\u00e9sence des filles et des femmes dans les STEM - GRAIN\",\"isPartOf\":{\"@id\":\"https:\/\/grain-africa.org\/en\/#website\"},\"primaryImageOfPage\":{\"@id\":\"https:\/\/grain-africa.org\/events\/the-low-representation-of-girls-and-women-in-stems\/#primaryimage\"},\"image\":{\"@id\":\"https:\/\/grain-africa.org\/events\/the-low-representation-of-girls-and-women-in-stems\/#primaryimage\"},\"thumbnailUrl\":\"https:\/\/grain-africa.org\/wp-content\/uploads\/2020\/03\/christina-wocintechchat-com-glRqyWJgUeY-unsplash-1.jpg\",\"datePublished\":\"2022-08-01T22:00:36+00:00\",\"dateModified\":\"2022-08-01T22:00:36+00:00\",\"breadcrumb\":{\"@id\":\"https:\/\/grain-africa.org\/events\/the-low-representation-of-girls-and-women-in-stems\/#breadcrumb\"},\"inLanguage\":\"en-GB\",\"potentialAction\":[{\"@type\":\"ReadAction\",\"target\":[\"https:\/\/grain-africa.org\/events\/the-low-representation-of-girls-and-women-in-stems\/\"]}]},{\"@type\":\"ImageObject\",\"inLanguage\":\"en-GB\",\"@id\":\"https:\/\/grain-africa.org\/events\/the-low-representation-of-girls-and-women-in-stems\/#primaryimage\",\"url\":\"https:\/\/grain-africa.org\/wp-content\/uploads\/2020\/03\/christina-wocintechchat-com-glRqyWJgUeY-unsplash-1.jpg\",\"contentUrl\":\"https:\/\/grain-africa.org\/wp-content\/uploads\/2020\/03\/christina-wocintechchat-com-glRqyWJgUeY-unsplash-1.jpg\",\"width\":1920,\"height\":1282},{\"@type\":\"BreadcrumbList\",\"@id\":\"https:\/\/grain-africa.org\/events\/the-low-representation-of-girls-and-women-in-stems\/#breadcrumb\",\"itemListElement\":[{\"@type\":\"ListItem\",\"position\":1,\"name\":\"Accueil\",\"item\":\"https:\/\/grain-africa.org\/en\/\"},{\"@type\":\"ListItem\",\"position\":2,\"name\":\"Events\",\"item\":\"https:\/\/grain-africa.org\/en\/events\/\"},{\"@type\":\"ListItem\",\"position\":3,\"name\":\"La faible pr\u00e9sence des filles et des femmes dans les STEM\"}]},{\"@type\":\"WebSite\",\"@id\":\"https:\/\/grain-africa.org\/en\/#website\",\"url\":\"https:\/\/grain-africa.org\/en\/\",\"name\":\"GRAIN\",\"description\":\"\",\"publisher\":{\"@id\":\"https:\/\/grain-africa.org\/en\/#organization\"},\"potentialAction\":[{\"@type\":\"SearchAction\",\"target\":{\"@type\":\"EntryPoint\",\"urlTemplate\":\"https:\/\/grain-africa.org\/en\/?s={search_term_string}\"},\"query-input\":\"required name=search_term_string\"}],\"inLanguage\":\"en-GB\"},{\"@type\":\"Organization\",\"@id\":\"https:\/\/grain-africa.org\/en\/#organization\",\"name\":\"GRAIN\",\"url\":\"https:\/\/grain-africa.org\/en\/\",\"logo\":{\"@type\":\"ImageObject\",\"inLanguage\":\"en-GB\",\"@id\":\"https:\/\/grain-africa.org\/en\/#\/schema\/logo\/image\/\",\"url\":\"https:\/\/grain-africa.org\/wp-content\/uploads\/2020\/03\/GRAIN_newlogo_273_-removebg-preview-1.png\",\"contentUrl\":\"https:\/\/grain-africa.org\/wp-content\/uploads\/2020\/03\/GRAIN_newlogo_273_-removebg-preview-1.png\",\"width\":829,\"height\":297,\"caption\":\"GRAIN\"},\"image\":{\"@id\":\"https:\/\/grain-africa.org\/en\/#\/schema\/logo\/image\/\"}}]}<\/script>\n<!-- \/ Yoast SEO plugin. -->","yoast_head_json":{"title":"La faible pr\u00e9sence des filles et des femmes dans les STEM - GRAIN","robots":{"index":"index","follow":"follow","max-snippet":"max-snippet:-1","max-image-preview":"max-image-preview:large","max-video-preview":"max-video-preview:-1"},"canonical":"https:\/\/grain-africa.org\/en\/events\/the-low-representation-of-girls-and-women-in-stems\/","og_locale":"en_GB","og_type":"article","og_title":"La faible pr\u00e9sence des filles et des femmes dans les STEM - GRAIN","og_description":"La faible pr\u00e9sence des filles et des femmes dans les STEM montre qu&#8217;il faut changer cette situation et leur permettre de se d\u00e9velopper dans le domaine professionnel qu&#8217;elles souhaitent sans penser que leur groupe sexuel peut \u00eatre un probl\u00e8me. Cette situation montre la n\u00e9cessit\u00e9 de cr\u00e9er un cadre de collaboration entre les parties prenantes de ... Read more","og_url":"https:\/\/grain-africa.org\/en\/events\/the-low-representation-of-girls-and-women-in-stems\/","og_site_name":"GRAIN","og_image":[{"width":1920,"height":1282,"url":"https:\/\/grain-africa.org\/wp-content\/uploads\/2020\/03\/christina-wocintechchat-com-glRqyWJgUeY-unsplash-1.jpg","type":"image\/jpeg"}],"twitter_card":"summary_large_image","schema":{"@context":"https:\/\/schema.org","@graph":[{"@type":"WebPage","@id":"https:\/\/grain-africa.org\/events\/the-low-representation-of-girls-and-women-in-stems\/","url":"https:\/\/grain-africa.org\/events\/the-low-representation-of-girls-and-women-in-stems\/","name":"La faible pr\u00e9sence des filles et des femmes dans les STEM - GRAIN","isPartOf":{"@id":"https:\/\/grain-africa.org\/en\/#website"},"primaryImageOfPage":{"@id":"https:\/\/grain-africa.org\/events\/the-low-representation-of-girls-and-women-in-stems\/#primaryimage"},"image":{"@id":"https:\/\/grain-africa.org\/events\/the-low-representation-of-girls-and-women-in-stems\/#primaryimage"},"thumbnailUrl":"https:\/\/grain-africa.org\/wp-content\/uploads\/2020\/03\/christina-wocintechchat-com-glRqyWJgUeY-unsplash-1.jpg","datePublished":"2022-08-01T22:00:36+00:00","dateModified":"2022-08-01T22:00:36+00:00","breadcrumb":{"@id":"https:\/\/grain-africa.org\/events\/the-low-representation-of-girls-and-women-in-stems\/#breadcrumb"},"inLanguage":"en-GB","potentialAction":[{"@type":"ReadAction","target":["https:\/\/grain-africa.org\/events\/the-low-representation-of-girls-and-women-in-stems\/"]}]},{"@type":"ImageObject","inLanguage":"en-GB","@id":"https:\/\/grain-africa.org\/events\/the-low-representation-of-girls-and-women-in-stems\/#primaryimage","url":"https:\/\/grain-africa.org\/wp-content\/uploads\/2020\/03\/christina-wocintechchat-com-glRqyWJgUeY-unsplash-1.jpg","contentUrl":"https:\/\/grain-africa.org\/wp-content\/uploads\/2020\/03\/christina-wocintechchat-com-glRqyWJgUeY-unsplash-1.jpg","width":1920,"height":1282},{"@type":"BreadcrumbList","@id":"https:\/\/grain-africa.org\/events\/the-low-representation-of-girls-and-women-in-stems\/#breadcrumb","itemListElement":[{"@type":"ListItem","position":1,"name":"Accueil","item":"https:\/\/grain-africa.org\/en\/"},{"@type":"ListItem","position":2,"name":"Events","item":"https:\/\/grain-africa.org\/en\/events\/"},{"@type":"ListItem","position":3,"name":"La faible pr\u00e9sence des filles et des femmes dans les STEM"}]},{"@type":"WebSite","@id":"https:\/\/grain-africa.org\/en\/#website","url":"https:\/\/grain-africa.org\/en\/","name":"GRAIN","description":"","publisher":{"@id":"https:\/\/grain-africa.org\/en\/#organization"},"potentialAction":[{"@type":"SearchAction","target":{"@type":"EntryPoint","urlTemplate":"https:\/\/grain-africa.org\/en\/?s={search_term_string}"},"query-input":"required name=search_term_string"}],"inLanguage":"en-GB"},{"@type":"Organization","@id":"https:\/\/grain-africa.org\/en\/#organization","name":"GRAIN","url":"https:\/\/grain-africa.org\/en\/","logo":{"@type":"ImageObject","inLanguage":"en-GB","@id":"https:\/\/grain-africa.org\/en\/#\/schema\/logo\/image\/","url":"https:\/\/grain-africa.org\/wp-content\/uploads\/2020\/03\/GRAIN_newlogo_273_-removebg-preview-1.png","contentUrl":"https:\/\/grain-africa.org\/wp-content\/uploads\/2020\/03\/GRAIN_newlogo_273_-removebg-preview-1.png","width":829,"height":297,"caption":"GRAIN"},"image":{"@id":"https:\/\/grain-africa.org\/en\/#\/schema\/logo\/image\/"}}]}},"_links":{"self":[{"href":"http:\/\/grain-africa.org\/en\/wp-json\/wp\/v2\/mec-events\/14674","targetHints":{"allow":["GET"]}}],"collection":[{"href":"http:\/\/grain-africa.org\/en\/wp-json\/wp\/v2\/mec-events"}],"about":[{"href":"http:\/\/grain-africa.org\/en\/wp-json\/wp\/v2\/types\/mec-events"}],"author":[{"embeddable":true,"href":"http:\/\/grain-africa.org\/en\/wp-json\/wp\/v2\/users\/1"}],"replies":[{"embeddable":true,"href":"http:\/\/grain-africa.org\/en\/wp-json\/wp\/v2\/comments?post=14674"}],"wp:featuredmedia":[{"embeddable":true,"href":"http:\/\/grain-africa.org\/en\/wp-json\/wp\/v2\/media\/14477"}],"wp:attachment":[{"href":"http:\/\/grain-africa.org\/en\/wp-json\/wp\/v2\/media?parent=14674"}],"wp:term":[{"taxonomy":"post_tag","embeddable":true,"href":"http:\/\/grain-africa.org\/en\/wp-json\/wp\/v2\/tags?post=14674"},{"taxonomy":"mec_category","embeddable":true,"href":"http:\/\/grain-africa.org\/en\/wp-json\/wp\/v2\/mec_category?post=14674"}],"curies":[{"name":"wp","href":"https:\/\/api.w.org\/{rel}","templated":true}]}}

<p>La faible présence des filles et des femmes dans les STEM montre qu&#8217;il faut changer cette situation et leur permettre de se développer dans le domaine professionnel qu&#8217;elles souhaitent sans penser que leur groupe sexuel peut être un problème. Cette situation montre la nécessité de créer un cadre de collaboration entre les parties prenantes de &#8230; <a title="The low presence of girls and women in STEM fields" class="read-more" href="http://grain-africa.org/en/events/the-low-representation-of-girls-and-women-in-stems/" aria-label="Read more about La faible présence des filles et des femmes dans les STEM">Read more</a></p>

<!-- This site is optimized with the Yoast SEO plugin v22.9 - https://yoast.com/wordpress/plugins/seo/ -->
<title>La faible présence des filles et des femmes dans les STEM - GRAIN</title>
<meta name="robots" content="index, follow, max-snippet:-1, max-image-preview:large, max-video-preview:-1" />
<link rel="canonical" href="https://grain-africa.org/en/events/the-low-representation-of-girls-and-women-in-stems/" />
<meta property="og:locale" content="en_GB" />
<meta property="og:type" content="article" />
<meta property="og:title" content="La faible présence des filles et des femmes dans les STEM - GRAIN" />
<meta property="og:description" content="La faible présence des filles et des femmes dans les STEM montre qu&#8217;il faut changer cette situation et leur permettre de se développer dans le domaine professionnel qu&#8217;elles souhaitent sans penser que leur groupe sexuel peut être un problème. Cette situation montre la nécessité de créer un cadre de collaboration entre les parties prenantes de ... Read more" />
<meta property="og:url" content="https://grain-africa.org/en/events/the-low-representation-of-girls-and-women-in-stems/" />
<meta property="og:site_name" content="GRAIN" />
<meta property="og:image" content="https://grain-africa.org/wp-content/uploads/2020/03/christina-wocintechchat-com-glRqyWJgUeY-unsplash-1.jpg" />
	<meta property="og:image:width" content="1920" />
	<meta property="og:image:height" content="1282" />
	<meta property="og:image:type" content="image/jpeg" />
<meta name="twitter:card" content="summary_large_image" />
<script type="application/ld+json" class="yoast-schema-graph">{"@context":"https://schema.org","@graph":[{"@type":"WebPage","@id":"https://grain-africa.org/events/the-low-representation-of-girls-and-women-in-stems/","url":"https://grain-africa.org/events/the-low-representation-of-girls-and-women-in-stems/","name":"La faible présence des filles et des femmes dans les STEM - GRAIN","isPartOf":{"@id":"https://grain-africa.org/en/#website"},"primaryImageOfPage":{"@id":"https://grain-africa.org/events/the-low-representation-of-girls-and-women-in-stems/#primaryimage"},"image":{"@id":"https://grain-africa.org/events/the-low-representation-of-girls-and-women-in-stems/#primaryimage"},"thumbnailUrl":"https://grain-africa.org/wp-content/uploads/2020/03/christina-wocintechchat-com-glRqyWJgUeY-unsplash-1.jpg","datePublished":"2022-08-01T22:00:36+00:00","dateModified":"2022-08-01T22:00:36+00:00","breadcrumb":{"@id":"https://grain-africa.org/events/the-low-representation-of-girls-and-women-in-stems/#breadcrumb"},"inLanguage":"en-GB","potentialAction":[{"@type":"ReadAction","target":["https://grain-africa.org/events/the-low-representation-of-girls-and-women-in-stems/"]}]},{"@type":"ImageObject","inLanguage":"en-GB","@id":"https://grain-africa.org/events/the-low-representation-of-girls-and-women-in-stems/#primaryimage","url":"https://grain-africa.org/wp-content/uploads/2020/03/christina-wocintechchat-com-glRqyWJgUeY-unsplash-1.jpg","contentUrl":"https://grain-africa.org/wp-content/uploads/2020/03/christina-wocintechchat-com-glRqyWJgUeY-unsplash-1.jpg","width":1920,"height":1282},{"@type":"BreadcrumbList","@id":"https://grain-africa.org/events/the-low-representation-of-girls-and-women-in-stems/#breadcrumb","itemListElement":[{"@type":"ListItem","position":1,"name":"Accueil","item":"https://grain-africa.org/en/"},{"@type":"ListItem","position":2,"name":"Events","item":"https://grain-africa.org/en/events/"},{"@type":"ListItem","position":3,"name":"La faible présence des filles et des femmes dans les STEM"}]},{"@type":"WebSite","@id":"https://grain-africa.org/en/#website","url":"https://grain-africa.org/en/","name":"GRAIN","description":"","publisher":{"@id":"https://grain-africa.org/en/#organization"},"potentialAction":[{"@type":"SearchAction","target":{"@type":"EntryPoint","urlTemplate":"https://grain-africa.org/en/?s={search_term_string}"},"query-input":"required name=search_term_string"}],"inLanguage":"en-GB"},{"@type":"Organization","@id":"https://grain-africa.org/en/#organization","name":"GRAIN","url":"https://grain-africa.org/en/","logo":{"@type":"ImageObject","inLanguage":"en-GB","@id":"https://grain-africa.org/en/#/schema/logo/image/","url":"https://grain-africa.org/wp-content/uploads/2020/03/GRAIN_newlogo_273_-removebg-preview-1.png","contentUrl":"https://grain-africa.org/wp-content/uploads/2020/03/GRAIN_newlogo_273_-removebg-preview-1.png","width":829,"height":297,"caption":"GRAIN"},"image":{"@id":"https://grain-africa.org/en/#/schema/logo/image/"}}]}</script>
<!-- / Yoast SEO plugin. -->

La faible présence des filles et des femmes dans les STEM - GRAIN

La faible présence des filles et des femmes dans les STEM montre qu&#8217;il faut changer cette situation et leur permettre de se développer dans le domaine professionnel qu&#8217;elles souhaitent sans penser que leur groupe sexuel peut être un problème. Cette situation montre la nécessité de créer un cadre de collaboration entre les parties prenantes de ... Read more

La faible présence des filles et des femmes dans les STEM
